(-6)))?
4
Let f = 265 + -263. Suppose f*m - 440 = -3*o, 70 = m - o - 140. What is the units digit of m?
4
Suppose 0 = 35*g - 455049 - 104146. What is the tens digit of g?
7
Suppose 2*y = -4*d + 10476, 4*y - 82*d - 20912 = -85*d. What is the hundreds digit of y?
2
Suppose 7407 = -15*l - 4653. What is the hundreds digit of ((-16)/24)/(2/l)?
2
Let f(y) be the third derivative of 1/12*y**5 + 19/24*y**4 - 17/6*y**3 + 16*y**2 + 0*y + 0. What is the tens digit of f(-7)?
9
Suppose -12*u + 18 = -10*u. Suppose -4*l = u*l - 4810. What is the hundreds digit of l?
3
What is the thousands digit of (202/24)/((-10)/(-39570)) - 20/(-16)?
3
Suppose -10*t + 4*w - 6502 = -13*t, 10831 = 5*t + w. What is the tens digit of t?
6
Suppose -3*t - 4 = -13. Suppose 41 + 79 = -f - o, 132 = -f + t*o. Let y = f + 140. What is the tens digit of y?
1
Let m = 17 + -12. Suppose -7*l = -3*l - 124. Suppose 3*g = -y - y + l, 0 = 3*y - m*g - 18. What is the tens digit of y?
1
Let l = 174 + -172. Suppose 0 = 3*t + 2*t - 4*z - 527, 0 = t - l*z - 103. What is the tens digit of t?
0
Suppose -3*p - 7*p = -860. Let n = 84 - p. What is the tens digit of (n - -4) + 5/(20/368)?
9
Let b(i) = i**3 - i**2 + i + 8. Let k(z) = 5*z**3 - 5*z**2 - 2*z + 2. Let a be k(-2). Let w = 60 + a. What is the units digit of b(w)?
4
Let b(g) be the first derivative of 13*g**5/120 + 4*g**4/3 + 35*g**3/3 - 45. Let w(r) be the third derivative of b(r). What is the hundreds digit of w(10)?
1
Suppose 171886 = 2*k + 2*m, k - 483*m + 478*m = 85985. What is the units digit of k?
0
Suppose 556*x - 144*x - 10022312 = 0. What is the tens digit of x?
2
Let j be 8/(-6) + 201/9. Suppose -7*v + j = -0. What is the units digit of (-18)/v*(-34)/4?
1
Let w(g) = -640*g - 84. Let q be w(-28). What is the units digit of ((-1)/2)/((-26)/q)?
3
Suppose 0 = -19*o + 38*o + 28*o - 1867968. What is the tens digit of o?
4
Let y = 47350 - 25236. What is the units digit of y?
4
Let y be (68/(-51))/(4/(-312)). Suppose -94*x + y*x - 8420 = 0. What is the tens digit of x?
4
Suppose 4*g = 30 - 10. Suppose 9*t = q + 4*t - 182, g*t - 349 = -2*q. What is the units digit of q?
7
Suppose -56*t = 59*t - 1370455. What is the units digit of t?
7
Let i(l) = -244*l + 12909. What is the tens digit of i(-72)?
7
What is the thousands digit of -12*3*5/(-45) - (1 - 5571)?
5
Let k(s) = -6*s - 82. Let y be k(-13). What is the tens digit of y/((-32)/(-12))*-170?
5
Let o(v) = -228*v**3 - v**2 - 6*v - 4. Suppose -4*y + 0*y - 4 = 0. What is the units digit of o(y)?
9
Let f(a) = a**3 + 9*a**2 + 5*a - 14. Let c be f(-8). Let m(o) = 11*o**2 - 40*o + 58. What is the units digit of m(c)?
8
Let d be (2 + 45/(-18))*100. Let m be -1 + 2 - (1 - -124). Let o = d - m. What is the units digit of o?
4
Let w = 41 - 38. Suppose -5*j = -5*u + 485, -w*u - 5*j = 38 - 345. What is the units digit of u?
9
Suppose 0 = 2*k + 2*b - 4, -4 = -k - k - 5*b. Let o be k/((-10)/(-15)) + 192. Suppose -5*q - 3*y + 190 = 0, -o = 6*q - 11*q - 4*y. What is the units digit of q?
5
Let d = -10 + 8. Let h(o) = -o**2 - 17*o + 23. Let z be h(-23). What is the tens digit of d/(-5) + (-6164)/z?
5
Let d(a) = -5176*a + 943. What is the ten thousands digit of d(-18)?
9
Let g(d) = 1552*d**2 + 40*d + 136. What is the ten thousands digit of g(-4)?
2
Let o(u) = 3925*u + 9993. What is the ten thousands digit of o(9)?
4
Let g be (-2)/(-7) - (-9798)/7. Suppose 4*b = 0, -2*x + 0*x - 5*b = -g. Suppose x = 6*p - 2*p. What is the tens digit of p?
7
Let b be 2153*((-24)/36 + (-1)/3). Let n = b + 3631. What is the tens digit of n?
7
Let i = -13 - -28. Suppose 10*l - i = 5. Suppose -478 - 112 = -5*t + 5*b, 0 = -l*b. What is the units digit of t?
8
Suppose 7*q - 6*q - 6 = 0. Suppose 2*w - 48 = -2*o, 3*o - 53 = -2*w + q*o. Suppose 20*n = w*n - 230. What is the tens digit of n?
4
Let h(j) be the second derivative of -73*j**3/6 - 47*j**2/2 + 84*j. What is the hundreds digit of h(-9)?
6
Suppose 3*u - 12 = 0, 484 - 3598 = -j - 5*u. Suppose -2*l - 1806 = -5*m + 2063, -2*l = -4*m + j. What is the units digit of m?
5
Let s be 6/24 + 67/4. Suppose 25*l = s*l + 7248. What is the tens digit of l?
0
Let l be ((-114)/(-8))/19 - 933/(-4). Let d = l - -237. What is the tens digit of d?
7
Suppose 5*d + 4*b - 87 = 0, 5*d + 3*b - 36 = 48. Let f(z) = 9*z - 11 - d + 15*z**2 - 10*z**2 - 4*z**2. What is the tens digit of f(-13)?
2
Let p be (((-9020)/(-8))/(-11))/((-2)/4). Suppose 209*z - p*z = 1580. What is the tens digit of z?
9
Let q(n) = -30*n**3 - n**2 + 18*n - 5. Let y be q(-5). Suppose y = 52*u - 49*u. What is the hundreds digit of u?
2
Suppose -51*x + 25*x = -31278. Suppose -17*d + 13902 = x. What is the hundreds digit of d?
7
Let d = 5 - 3. Let f = -620 - -627. Suppose 4*j - 4*q - 29 = f, 0 = j + d*q - 15. What is the units digit of j?
1
Let z(d) = -924*d + 18. Let b be z(-1). Suppose -7*o - 948 = -t - 8*o, -t + b = 4*o. What is the units digit of t?
0
Suppose -3*i - 506598 - 272182 = -23*i. What is the units digit of i?
9
Suppose 1125*x + 22167 = 1134*x. What is the units digit of x?
3
Suppose -103*a - 75*a + 2307770 = 0. What is the units digit of a?
5
Let j be (-3)/(7/(35/(-3))). Suppose 6 = 3*n - j*v - 735, -n + 261 = 3*v. What is the tens digit of n?
5
Let h(v) = 3*v**2 + 72*v + 60. Let c(k) = k**3 - 14*k - 29. Let a be c(0). What is the tens digit of h(a)?
9
Let z = 3662 - -3529. What is the hundreds digit of z?
1
Let r(q) = -2*q - 3. Let c be r(0). Let v(h) = h**3 + 3*h**2 - 2*h - 2. Let d be v(c). Suppose 0 = -d*x + 4, -x + 52 = 3*n - 6*x. What is the tens digit of n?
1
Let o(s) = 34*s**2 - 9*s - 23. Let b be o(12). Suppose -11075 = -11*n + b. What is the thousands digit of n?
1
Let s(r) = 33*r + 24. Let d be s(8). Suppose 0 = -14*i + 12*i + d. What is the units digit of i?
4
Let p(u) = -3052*u + 3771. What is the tens digit of p(-3)?
2
What is the hundreds digit of -6 + (4459 - 16) + -2 + 13?
4
Let q(z) = 117*z - 1769. What is the units digit of q(32)?
5
Let q = -52 - -52. Let x be 154/(2 + q + 0). Suppose -x = -2*a - 7. What is the units digit of a?
5
Let w(i) = -800*i + 397*i + 669*i**3 + 401*i - i**2. What is the tens digit of w(1)?
6
Suppose 0 = 4*j - 3*t - 4, -t - 1 = 3. Let m be 2/j*(32 + -12). What is the units digit of 5 - (6 + m/5)?
3
Suppose -3*y = 479 - 4658. Let w = y + -990. What is the tens digit of w?
0
What is the units digit of 324 - ((-3 - 4) + 3)/(0 + -1)?
0
What is the ten thousands digit of (-900126)/(-316)*(4 + 0)?
1
Suppose -994*n + 989*n = -32360. What is the thousands digit of n?
6
Let t(z) = -3*z**2 - 30*z + 7. Let v be t(-10). Suppose -5*u + 5 = -5*o, 7 = 4*o - v*o + 5*u. What is the units digit of 735/6 + -7 - o/(-2)?
6
Suppose -n + 7188 = 5*r, 0 = 8*n - 13*n + 2*r + 36048. What is the hundreds digit of n?
2
Let n = -31 - -39. Let h be (3 - 1)/(-2*(-2)/n). Suppose 4*j - 500 = -2*r, 4*j + h*r - 10 - 486 = 0. What is the units digit of j?
6
Let o(l) = -1524*l + 1189. What is the thousands digit of o(-18)?
8
Let r(f) = 2*f - 28. Let w be r(19). Let k be (-28)/w*40/(-16). Suppose -154 - 147 = -k*m. What is the units digit of m?
3
Suppose -7*s + 1168 + 4516 = 0. Let r = -531 + s. What is the hundreds digit of r?
2
Let p = -7957 + 9536. What is the thousands digit of p?
1
Let b be (6/9)/(18/135). Suppose -5*c + b*w = -3970, -5*w = 4*c - 400 - 2740. What is the hundreds digit of c?
7
Let j = -7 + 7. Suppose j = g - 2*g + 8. Let r(w) = -w**2 + 8*w + 11. What is the units digit of r(g)?
1
Suppose 5*w - 7 = 18. Suppose 153 = 3*p - 2*k - 1347, -2500 = -w*p - 4*k. What is the units digit of p?
0
Let u(b) be the third derivative of -35*b**4/24 - 25*b**3/3 + 6*b**2 - 2. What is the units digit of u(-7)?
5
Let q(x) = -x**2 + x. Let m(v) = 113*v**2 - 4*v - 1. Let h(c) = m(c) + 6*q(c). Suppose 0 = 40*k + 26*k - 66. What is the hundreds digit of h(k)?
1
Let n(p) = -36*p**2 + p + 2. Let h be (3 + 1)/(8 + -6). Let b be n(h). What is the hundreds digit of -4 - b - (2 - -2)?
1
Let l(x) = 701*x - 2059. What is the thousands digit of l(29)?
8
Suppose 338*a - 343*a - 45 = 0, -2*a = -2*v + 157346. What is the ten thousands digit of v?
7
Let t = 22900 + 6980. What is the tens digit of t?
8
Let v = -22788 - -42461. What is the hundreds digit of v?
6
Let r = 40490 + -20451. What is the ten thousands digit of r?
2
Suppose -10